True
Is 7481867837 composite?
False
Is 1417756309 prime?
False
Is 1145002553 prime?
False
Is 6620462489 a composite number?
False
Is 13700897599 a composite number?
True
Is 533851793 a composite number?
False
Is 701312873 a composite number?
True
Is 18697636091 a prime number?
True
Is 339194957 prime?
True
Is 14483372899 a composite number?
False
Is 48549048115 a composite number?
True
Is 2683467151 a composite number?
False
Is 2936492033 composite?
False
Is 85315079 prime?
False
Is 29863794887 prime?
True
Is 2360541229 a composite number?
True
Is 806011159 prime?
True
Is 1738260583 a prime number?
False
Is 21196774877 composite?
True
Is 1728023587 a prime number?
False
Is 873553523 a prime number?
True
Is 10600633693 prime?
False
Is 122482697 composite?
True
Is 9290121073 a composite number?
True
Is 23148859363 a prime number?
False
Is 67232371529 prime?
False
Is 59613603863 a composite number?
True
Is 21632975071 a prime number?
True
Is 1755007913 a prime number?
False
Is 759300989 a composite number?
False
Is 80136041 composite?
False
Is 485460515 a prime number?
False
Is 10384200689 a prime number?
True
Is 125987611807 composite?
False
Is 1702171 a prime number?
True
Is 219095474033 composite?
False
Is 55790963677 a prime number?
False
Is 1008400189 a prime number?
False
Is 1979165239 prime?
True
Is 1216880957 a composite number?
True
Is 9383750771 prime?
False
Is 4111362623 a prime number?
True
Is 260352707 prime?
True
Is 1649159999 composite?
True
Is 1534404941 a prime number?
True
Is 6389703907 a prime number?
False
Is 969147019 a composite number?
False
Is 49846897 a composite number?
True
Is 108673337 prime?
True
Is 1522295953 composite?
False
Is 266902600883 composite?
False
Is 628476931 composite?
True
Is 18395120633 composite?
False
Is 6273236293 a prime number?
False
Is 23231114911 composite?
False
Is 212252731 composite?
False
Is 493022747 a prime number?
False
Is 2335580327 a composite number?
True
Is 333781423 composite?
True
Is 4928713573 a composite number?
True
Is 6709219969 a composite number?
False
Is 7992082369 composite?
False
Is 1179968893 composite?
False
Is 2064349667 composite?
False
Is 645162899 composite?
True
Is 15599844073 a composite number?
True
Is 28428890513 prime?
True
Is 384523019 composite?
False
Is 258692437469 composite?
False
Is 145962029 a composite number?
True
Is 1216388345 composite?
True
Is 11965164283 composite?
True
Is 6787826537 a prime number?
True
Is 697552733 a composite number?
True
Is 2158809581 composite?
True
Is 1057286957 composite?
True
Is 927584495 a composite number?
True
Is 37360821119 a composite number?
False
Is 1182855299 a prime number?
True
Is 2067107321 a prime number?
True
Is 152637947261 a prime number?
False
Is 11571478129 prime?
True
Is 61428631699 prime?
False
Is 4991148193 a composite number?
False
Is 7381527157 prime?
False
Is 24333322999 a composite number?
False
Is 40535197861 composite?
True
Is 375293700271 composite?
True
Is 683131039 a composite number?
False
Is 48912253427 a prime number?
True
Is 13642975397 composite?
True
Is 391056231 a prime number?
False
Is 2261018273 a prime number?
False
Is 8573389289 a prime number?
False
Is 376662607 a prime number?
False
Is 70756918927 composite?
False
Is 301239061 prime?
True
Is 1286440433 a composite number?
True
Is 182156355277 prime?
False
Is 502693921 composite?
False
Is 1861241731 prime?
True
Is 861359203 prime?
True
Is 2404499807 prime?
True
Is 7000916933 a composite number?
True
Is 791133901 prime?
False
Is 2208242287 composite?
True
Is 2129006797 prime?
False
Is 21279220969 a composite number?
False
Is 13898333843 a prime number?
False
Is 706587971 composite?
False
Is 4281939327 a composite number?
True
Is 1265057723 a prime number?
True
Is 50064567373 prime?
True
Is 367377889 composite?
False
Is 6405324637 a composite number?
False
Is 9380093 a prime number?
False
Is 6599806841 a composite number?
True
Is 21568383461 a composite number?
False
Is 4559638097 a prime number?
False
Is 3684871121 prime?
True
Is 68545732903 prime?
False
Is 3065876603 a prime number?
False
Is 4714940253 composite?
True
Is 56786057099 prime?
True
Is 2871424579 prime?
True
Is 19712576173 a composite number?
True
Is 3109705009 prime?
True
Is 15737181981 composite?
True
Is 144583984001 a prime number?
False
Is 343572997 prime?
False
Is 1510098893 prime?
True
Is 409310929 prime?
False
Is 40116742343 a composite number?
False
Is 1181702161 a prime number?
True
Is 21211299719 composite?
True
Is 165098786483 composite?
True
Is 2383468333 a prime number?
True
Is 1548634462 prime?
False
Is 4195225891 prime?
False
Is 103599247 a composite number?
True
Is 1070140657 composite?
False
Is 521651303 prime?
True
Is 43519193819 composite?
False
Is 156764409 composite?
True
Is 739321021 composite?
False
Is 110869447001 a composite number?
False
Is 12411956021 prime?
True
Is 6915951971 composite?
True
Is 18317408773 a prime number?
True
Is 4603469011 a composite number?
True
Is 300937597 prime?
False
Is 42321948005 a prime number?
False
Is 95370330889 a prime number?
True
Is 1433820383 a composite number?
True
Is 2107413941 prime?
False
Is 34779311261 a composite number?
True
Is 3994004099 composite?
False
Is 18000421799 prime?
False
Is 347142079 a prime number?
False
Is 35660785633 prime?
False
Is 104546279 prime?
True
Is 3623536769 prime?
False
Is 1948369141 a composite number?
True
Is 11549486929 a composite number?
False
Is 2039864243 composite?
True
Is 581869103 prime?
False
Is 43735187371 composite?
False
Is 59950893841 prime?
False
Is 3593501123 a prime number?
False
Is 59835850187 prime?
False
Is 4800242267 a composite number?
True
Is 6076024183 a prime number?
True
Is 346326335 a composite number?
True
Is 382029467 composite?
True
Is 8084908141 composite?
False
Is 41483539 a prime number?
True
Is 1405807519 a composite number?
False
Is 7050525721 a composite number?
False
Is 959282033 a prime number?
False
Is 882692821 a composite number?
False
Is 91743311 a prime number?
False
Is 2855341429 prime?
True
Is 13527007769 a prime number?
False
Is 14237474057 composite?
False
Is 353960806433 a prime number?
False
Is 3548195971 prime?
True
Is 8371869271 a composite number?
False
Is 14087467721 a prime number?
False
Is 14624273186 composite?
True
Is 737631179 composite?
True
Is 56445624347 prime?
False
Is 30789746783 a composite number?
True
Is 297965377 composite?
True
Is 253869643 a prime number?
True
Is 61013810321 composite?
False
Is 273346133 prime?
True
Is 102978661 a composite number?
False
Is 462697097 a prime number?
True
Is 11762947187 composite?
True
Is 18194259689 a composite number?
False
Is 4047172921 prime?
False
Is 1351214167 composite?
False
Is 41693135839 composite?
False
Is 168127697 a prime number?
True
Is 18749138233 prime?
False
Is 105600141877 composite?
False
Is 90369330661 a composite number?
False
Is 3256239419 a prime number?
True
Is 1138119809 composite?
False
Is 35865362243 a composite number?
True
Is 24447474235 a composite number?
True
Is 11068943203 composite?
False
Is 5821276921 composite?
False
Is 9919774457 prime?
False
Is 3491909567 a prime number?
False
Is 14236561333 a prime number?
False
Is 2634530161 a composite number?
False
Is 1163808761 composite?
False
Is 176250722573 a prime number?
False
Is 6776316851 prime?
True
Is 126395622407 a composite number?
False
Is 318013281665 prime?
False
Is 4635207103 prime?
True
Is 886053059 a prime number?
False
Is 5382003409 a composite number?
True
Is 1171840771 composite?
True
Is 2556860447 a composite number?
False
Is 498222169 a prime number?
True
Is 861835073 composite?
True
Is 5091842981 a composite number?
True
Is 105409453 composite?
True
Is 1335908423 prime?
False
Is 12727426597 a prime number?
False
Is 48827839 prime?
False
Is 2123898929 a prime number?
True
Is 13711803527 a prime number?
False
Is 8295801791 prime?
True
Is 9229507307 prime?
False
Is 22411208189 prime?
False
Is 33773522393 a composite number?
True
Is 633319567 a prime number?
True
Is 34941437941 prime?
False
Is 2779073029 a composite number?
True
Is 231817777 prime?
True
Is 819724123 prime?
False
Is 1356988397 a prime number?
True
Is 4795690909 a prime number?
True
Is 13857666959 composite?
False
